**2. Let o(t) = -3*t - 8. Let c be o(0). Is i(c) a prime number?
False
Let x(t) = t**3 + 6*t**2 - 6*t + 9. Let p be x(-7). Suppose -3*h = -h - 4*c - 204, 0 = -p*h + 3*c + 206. Is (h/2)/(2 + -1) prime?
True
Let r be 1 + 5 + -1 + -2. Suppose 4*y = -r*n + 38 + 7, 5*n = -25. Is y prime?
False
Is (3/((-6)/602))/(-5 + 4) composite?
True
Suppose -6 - 26 = -2*z. Let c = z - -35. Is c prime?
False
Let j(p) = 2*p. Let v be j(1). Suppose -183 = -v*l + 613. Is l prime?
False
Suppose -x + 16 = 5*a, -5*x - 4*a + 0*a - 4 = 0. Let l = 28 + -20. Let u = l + x. Is u composite?
True
Let m(v) = 4*v**2 - 3*v - 7. Is m(-6) a prime number?
False
Let d be (-5)/2*16/(-10). Is (-187)/(-4) + 1/d a prime number?
True
Let u = 8 + -4. Suppose -17 = -5*f + 8. Suppose u*m - f*m = -23. Is m prime?
True
Let p(b) = 7*b**2 + 4*b + 2. Suppose -2*s + 2 = -4. Let l be -1*s*4/6. Is p(l) a composite number?
True
Suppose -14 - 581 = -5*h. Is h a composite number?
True
Is 4/8*8 + 673 a composite number?
False
Let d(v) = v**3 - 3*v**2 + 3*v - 3. Let b be d(2). Is 3*b + (644 - 0) composite?
False
Let h(r) = 14*r**3 - 13*r**2 - 4*r - 7. Let g(l) = 9*l**3 - 9*l**2 - 3*l - 5. Let k(b) = 7*g(b) - 5*h(b). Let o be k(-2). Suppose 0*d + o = 2*d. Is d prime?
False
Is 3 + -2 + (0 - -20) a composite number?
True
Suppose -4*r - 5*y = -37, 4*y + 8 = -2*r + 34. Let m = r + 2. Suppose -l - 43 = -3*l + 5*g, -g = m*l - 67. Is l prime?
False
Let z = 2911 - -1216. Is z a prime number?
True
Let y(w) = 240*w**2 - 3*w - 2. Is y(3) composite?
True
Let o = 163 - 32. Is o composite?
False
Suppose 4*a + 1191 = 4019. Is a prime?
False
Suppose -4*g = -9*g + 35. Let h(l) = 4*l**3 - 14*l**2 - 2*l + 13. Let o(w) = -w**3 + 5*w**2 + w - 4. Let r(j) = g*o(j) + 2*h(j). Is r(-5) a composite number?
True
Suppose 4*s = 0, 9 = m - 4*s - 202. Is m a prime number?
True
Let g be -3 - 5/(15/(-18)). Suppose -4 = s - g*d, 0 = s + 4*d + d - 36. Is s a prime number?
True
Let p(i) = -i - 2 + 7 - 1 + 8*i. Is p(7) a composite number?
False
Suppose 69 = -3*x - 4*y + 346, x - 103 = -4*y. Is x prime?
False
Suppose 2*w + 9 = 5*w. Suppose -529 = -w*i + 104. Is i composite?
False
Is 671/5 + (-3)/15 a prime number?
False
Suppose 0 = -4*d + 75 + 1145. Is d prime?
False
Suppose 0 = 10*p - 55832 - 1638. Is p composite?
True
Suppose -q + 574 = 5*o, -4*o - 3*q + 465 = -8*q. Is o a composite number?
True
Let g(c) = -c**3 + 7*c**2 + 2*c - 9. Suppose 21 = -2*o + 5*o. Let n be g(o). Suppose 196 + 19 = n*x. Is x a prime number?
True
Suppose 10 = 5*f, 3*k = 4*f + 167 + 83. Suppose 2*z + 8 = 16. Suppose 0 = -s - 1 - z, 4*n - k = 2*s. Is n composite?
False
Let n be 4*((-69)/(-12) + -3). Let r(l) = -l**3 + 11*l**2 + 2*l + 13. Is r(n) a prime number?
False
Let q(o) = -4*o**3 - o**2 - 2. Let v(p) = -9*p**3 - p**2 + p - 3. Let h(w) = 7*q(w) - 3*v(w). Suppose 5*u + 26 - 6 = 0. Is h(u) composite?
False
Suppose 5*g = 3*z + 22, 4*z + 2*g - 2 = 12. Suppose -18 = -i - u + z, -u = 3*i - 65. Is i a prime number?
True
Let d = -275 + 50. Let n = -76 - d. Is n prime?
True
Let l(f) = -f**2 - f. Let c(i) = -2*i**2 - 5*i + 3. Let y(r) = c(r) - 3*l(r). Let d be y(3). Let o(q) = -q**3 + 5*q**2 + 5*q + 8. Is o(d) prime?
True
Let m = -11 - -138. Is m a composite number?
False
Let i = 12 + -10. Suppose 251 = -q + i*q - 4*g, -2*g = -q + 257. Is q composite?
False
Suppose -4*y - 4*s - 29 = y, 2*s - 35 = 3*y. Let v = y + 9. Suppose 4*b - 195 - 313 = v. Is b prime?
True
Suppose -5*u = 18 - 118. Suppose 5*x - 5 = -4*j - 0, 0 = 4*j + u. Suppose -x*z + 42 = -3*z. Is z prime?
False
Suppose 3*b + u - 22103 = 0, b - 4*b = -3*u - 22119. Is b composite?
False
Suppose 4*b = 3*b - 7. Let g(z) = -z**3 + 3*z**2 + 1 - z**2 + 9*z - 6*z**2. Is g(b) a composite number?
True
Suppose 643 = 3*b + 5*o, -2*o = -4*b + o + 838. Is b a composite number?
False
Let i(z) = 32*z - 4. Let f be i(5). Suppose 3*w - 67 - 107 = 5*p, -3*w = p - f. Is w a prime number?
True
Let h(x) be the second derivative of x**5/20 + x**4/3 + x**3/3 - x**2 + x. Let m be h(-3). Is (0 + (7 - m))/1 prime?
False
Let b(i) = -i**3 - 11*i**2 - 22*i + 33. Is b(-20) a prime number?
True
Let j = -6 + 4. Let n = j + 0. Is (-90)/(-4) + n/(-4) a composite number?
False
Let h = -4 - -5. Let w(o) = 2 + 0 + 16*o - h. Is w(9) prime?
False
Let u(n) = -n. Let w be 5/(-15) - (-2)/(-3). Let f(b) = b**3 - 7*b**2 - 6*b + 1. Let g(c) = w*f(c) + 3*u(c). Is g(6) a prime number?
True
Suppose -5*r + 2*a + 2*a - 35 = 0, 2*r - 4 = -2*a. Is 0 + 9 + 6/r composite?
False
Let z = 22 - -22. Let c = 87 + z. Is c a prime number?
True
Is (-2 - 1 - -254)/1 a composite number?
False
Let x be -4 - -2 - (1 + -25). Let p be x/10 - (-3)/(-15). Suppose 3*a - p*a = -4*v + 15, 0 = -a - 5*v + 18. Is a prime?
True
Is ((-58)/(-6))/(8 + (-10460)/1308) a composite number?
True
Let p(q) be the second derivative of q**4/6 + 7*q**3/6 - q**2/2 + 3*q. Let m(r) be the first derivative of p(r). Is m(7) prime?
False
Let x(c) be the third derivative of -c**6/120 + 7*c**5/60 - 7*c**4/24 - c**3/6 - c**2. Let q be x(6). Let w = 7 - q. Is w a composite number?
True
Let p = -14 + 23. Let j(d) = 4*d + 1. Is j(p) a composite number?
False
Let o be (-2)/(-4) - 15/(-2). Suppose -o = -2*v - 2*v. Suppose v*u = 64 - 2. Is u a prime number?
True
Let b = 852 - -35. Is b prime?
True
Suppose 0 = -4*l - 2 - 38. Let i be ((-12)/l)/((-3)/10). Is ((-2)/i)/((-2)/(-28)) a composite number?
False
Suppose k - 15 = 3*h, -5*h = -h - 4*k + 28. Let t(n) = 2*n**2 - 2*n - 5. Is t(h) a composite number?
True
Is 13134/11 - (-5)/1 a composite number?
True
Let b(g) be the second derivative of g**4/2 - g**3/6 + g. Let h be b(4). Let i = h + -55. Is i composite?
False
Is (8 + -20)*1/3 - -423 a prime number?
True
Suppose -2*l + 424 = -6*l. Let q be 169 - (4 - 2 - 4). Let n = q + l. Is n a prime number?
False
Let j(w) = w**2 - 6*w + 3. Let k be j(5). Is 94/5 - k/10 prime?
True
Suppose -4*u + 6*z - 2*z = 8, -u + 4*z - 14 = 0. Is (62/(-2))/((-2)/u) a composite number?
False
Let a(r) = 6*r**2 - 2*r + 1. Let q be a(1). Suppose 0*l = q*l. Suppose -4*j = -l*j - 76. Is j a prime number?
True
Suppose -17*k + 14*k = -2271. Is k a prime number?
True
Suppose -6*d - 4487 = -13*d. Is d prime?
True
Suppose 0 = u + 5*f + 22, 32 = 4*u - 5*f + f. Suppose -u*y + 573 = 5*o, 0 = -7*y + 3*y - 4*o + 756. Is ((-2)/(-3))/(4/y) prime?
True
Let w be (-1 - 6/(-2))*-226. Let l = -123 - w. Is l prime?
False
Suppose -2*h = 4*p - 122, 5*h + 66 = 2*p + h. Is p a prime number?
True
Let j = 2391 - 878. Is j prime?
False
Let o(h) = 30*h + 1. Let y be o(-2). Suppose 0 = f - 3*g - 141, 5*g + 166 = 5*f - 549. Let t = y + f. Is t a composite number?
True
Suppose 4*q - 1823 - 407 = 2*t, -4*t = 2*q - 1130. Is q a composite number?
True
Let n = 791 - 470. Suppose 0 = 3*v - 12 - n. Is v composite?
True
Suppose -2*a + 1 + 9 = 0. Let r(y) = y**2 - 2*y + 6. Is r(a) a prime number?
False
Suppose 0 = -2*h - 3*a + 952, h - 349 = 5*a + 140. Is h composite?
False
Let l(r) = 2*r**2 + 12*r + 8. Let s be l(10). Suppose 12 = 4*m, -4*n + s = -0*n + 4*m. Is n composite?
False
Let x(i) be the first derivative of i**4/2 - i**3 + 3*i**2/2 + i - 1. Is x(3) prime?
True
Suppose -2*n - 5 = -7*n. Is -14*9/(-6)*n prime?
False
Suppose 123 = 3*l + 2*g - 565, -2*l + 4*g = -464. Suppose 4*c = 2*v + l, 0 = 3*c + v + 48 - 228. Is c prime?
True
Let d = 640 + -57. Is d composite?
True
Is 34*(-1)/(-2)*19 a composite number?
True
Suppose -q + 3 = 0, -3*o - 5*q + 14 + 7 = 0. Is 2*(-3 + 55/o) composite?
True
Let d(j) = j + 3. Let c be d(0). Suppose -3 = c*h - 0. Is 35 + (-1 - h) - -2 composite?
False
Suppose 3*k - h = 439, 0 = 4*k - h + 2*h - 576. Is k a prime number?
False
Suppose -3*n = n - 376. Let a = -41 + n. Is a composite?
False
Suppose u - 11 = -4*r, 5*r - 3 - 13 = u. Suppose -5*l + 16 = r*p, -5*l + 5*p + 52 = 12. Let a = 8 - l. Is a composite?
False
Let v(b) = 10*b**2 + 2*b - 17. Is v(7) composite?
False
Suppose 9*a - 3*q - 165 = 4*a, 3*q = 3*a - 93. Suppose 5*y - 6*y - 3 = 0, -5*w - 81 = 2*y. Let t = w + a. Is t prime?
False
Let w = -30 - -41. Is w composite?
False
Suppose -5*l - z = -13026, -2*l + 4100 = -z - 1109. Is l composite?
True
Let r = 94 - 41. Suppose 3*q + 3*s - 81 = 0, -2*q + 0*s + r = s. Is (q/(-2))/(2/(-2)) a prime number?
True
Let a(y) = -y**3 + 10*y**2 + 2*y - 3. Let o be 